it of p?
6
Suppose -3*w + 8 = 17. Let j(q) = q**3 + q**2 + q + 1. Let a(i) = 3*i**3 - i**2 + 2*i + 6. Let n(m) = -a(m) + 4*j(m). What is the tens digit of n(w)?
1
Let f be (-1 + 3)/(-4 - -5). Suppose -f*c = -q - q - 24, 4*c + 4*q = 32. What is the units digit of c?
0
Suppose 5*s = 4*j + 41, -2*j - 20 = -2*s - 4*j. Let i(l) = s*l**3 + 0*l**2 - 2*l**2 + 4*l**2 - l. What is the units digit of i(1)?
0
Let w(r) = -r**3 + 8*r**2 - 9*r + 14. What is the tens digit of w(4)?
4
Suppose 3*m = 2*t - 17, -8*m = 3*t - 3*m + 3. Suppose t*n - 19 = 33. What is the units digit of n?
3
Let a(c) = 6*c**2 - 1. Let w be a(-1). Suppose 4 - 14 = -w*k. Suppose 0*l + 4*z - 14 = -k*l, -5*l - 5*z + 35 = 0. What is the units digit of l?
7
Let t(k) = k**2 - 13*k + 6. Let o be t(13). What is the units digit of ((-188)/o)/((-10)/15)?
7
Let g be (2 - -1) + (0 - 0). Suppose z - y = 3*z - 9, z - g*y - 8 = 0. What is the units digit of z?
5
Suppose 0*t - d + 293 = 3*t, 0 = -t - 5*d + 121. Suppose u - t = -3*u. What is the units digit of u?
4
Let h(s) = -5*s - 2. What is the units digit of h(-1)?
3
Suppose -4*m - 3*y = -0*m - 28, 5*y - 16 = m. What is the units digit of m?
4
Let b be (-15)/(-2)*16/6. Suppose 0 = -2*u - 2 + 12. Suppose -u*y = -z + 3*z - 15, -4*z = b. What is the units digit of y?
5
Let s(w) = -w**3 - 4*w**2 - 3*w - 2. Let t be s(-3). What is the units digit of ((-2)/t - 2) + 2?
1
Suppose 0*y - 2*y = 0. Suppose 17 = t + 2. Suppose y*h + 5*h = t. What is the units digit of h?
3
Let x = 0 - -19. Let a = 49 - x. Suppose -z = 4*u - a, -5*z + 2*u + 10 = -3*z. What is the tens digit of z?
1
Let b(r) = 2*r**2 + 4*r + 3. Let p be b(-2). Suppose -2*f = -3*f - a + 4, -4*a + 16 = 3*f. Let h = p + f. What is the units digit of h?
3
Let l be 1*5 + (-14 - -11). What is the units digit of 3/6*(l + 8)?
5
Suppose -3*f = -8 - 10. Suppose -14 - f = -5*u. Suppose 3*y + 5*h = -0*y + 15, 0 = -u*y - 2*h + 34. What is the units digit of y?
0
Let g(f) = -f**2 + 4*f. Let u be g(3). Suppose 0*y - 7 = -o + 2*y, 0 = -5*y - 5. Suppose -2*s = 3*w - 23 + 1, u*s = -o*w + 36. What is the units digit of w?
6
Suppose -a - 5*u - 4 = 0, -4*a + 0*u = 3*u - 1. Suppose 52 = 4*d - j - j, 2*j = -2*d + 14. Let y = a + d. What is the tens digit of y?
1
Suppose -2*s + 16 = v, -1 + 50 = 4*v + 5*s. Let j = -4 + v. What is the units digit of j?
2
Let z be -1*(-3 + -1)/(-4). Let w(c) = -23*c + 2. What is the units digit of w(z)?
5
Let i = 152 - 61. Suppose -2*x + 72 = -b, -29 - i = -4*x - 4*b. What is the units digit of x?
4
Let k = -59 + 94. What is the units digit of k?
5
Let s(f) = 5*f - 2. Let h be s(-2). Let b = h - -17. What is the units digit of b?
5
Suppose 3*x + 30 = 6*x + 3*d, -2*x + 20 = -5*d. What is the tens digit of x?
1
What is the tens digit of (3/(-1))/(3/(-17))?
1
Let s(l) = 3*l**2 + 4 + 2*l**2 - 4*l**2 + 3. What is the units digit of s(0)?
7
What is the units digit of (79 - (-3)/(-3))*1?
8
Let r = 3 + -5. What is the units digit of (-1)/(134/(-66) - r)?
3
Let p(d) be the first derivative of d**4/4 - 2*d**3 + 4*d**2 - 4*d + 2. What is the units digit of p(5)?
1
Suppose -5 = -0*w - w. Let p(v) = 6*v - 9. What is the tens digit of p(w)?
2
Let v(o) = 2*o**2 - 2*o. Let f be v(2). Let d be -2 + (-12)/(-2 + f). Let m = -2 - d. What is the units digit of m?
6
Let v(p) = 6*p + 1. Suppose 0 = 2*j - 0*j + 2. Let o be v(j). Let i = 3 - o. What is the units digit of i?
8
Let h = 57 + -31. What is the units digit of h?
6
Suppose -4*l - 13 = -4*z - 5, 3*l = z. Let g = -1 + l. Suppose -2*w + 2*v + 8 = 0, g = 4*v - 0*v - 16. What is the units digit of w?
8
Let s = 129 + -11. What is the units digit of s?
8
Suppose 0 = -0*g + 2*g - 26. What is the tens digit of g?
1
Let t = 6 + -1. What is the units digit of t + (1 - -3 - 1)?
8
Suppose 0 = -2*n - 2*j + 4*j, -5*j = 2*n - 21. Suppose n*s + 12 = 6*s, -5*g - 2*s = -68. What is the tens digit of g?
1
Let k = -27 - -34. What is the units digit of k?
7
Let l(k) = -2*k**2 - 15*k - 8. Let y be l(-10). Let n = y - -86. What is the tens digit of n?
2
Let x(n) = n**2 - 5*n - 1. What is the units digit of x(-4)?
5
Suppose -3*h + 6*h - 198 = -4*r, -100 = -2*r - h. Suppose -y + 7 = 3*k, 5*y = k + r - 0. What is the units digit of y?
0
Let u = 142 + -122. What is the units digit of u?
0
Suppose -5*m - 48 - 27 = 0. Let x be 5/m + 68/(-3). What is the units digit of 1 - 2 - (x + 1)?
1
Suppose 2*a + 3*a = 70. Let j = -3 + a. What is the units digit of j?
1
Let r = -22 - -26. Suppose 0 = -r*l + 3*l + 36. What is the tens digit of l?
3
Suppose 19*w - 2*w = 459. What is the tens digit of w?
2
Let h(o) = -o**2 - 7*o - 4. Let j be h(-6). Suppose -21 + 1 = -j*f. What is the tens digit of f?
1
Suppose -5*g + 3 = -7. Let z(j) = 2*j**2 - 5*j + 3. Let p be z(3). Suppose -g*o - o + p = 0. What is the units digit of o?
2
Suppose -5*d + 15 = -5. Suppose -v - 3 = -d. What is the units digit of v?
1
Let k = -11 - -77. What is the units digit of k?
6
Let n(k) = -3*k. Let r = -13 - -10. What is the units digit of n(r)?
9
Let r(o) = o**2 - 12*o + 1. What is the tens digit of r(14)?
2
Let k(p) = -7*p - 1. Let j be k(-1). Suppose 8*m - j*m - 38 = 0. What is the tens digit of m?
1
Let v be ((0/3)/(-2))/(-2). Let j = -1 + 6. Suppose y - 29 = -3*r, v*y = r - j*y + 1. What is the units digit of r?
9
Let z = -169 + 295. What is the units digit of z?
6
Suppose -4*y + 133 = -5*k, -y - 3*k - 3 = -15. Suppose -f + 0 = 4, y = 5*h + 2*f. What is the units digit of h?
7
Suppose 2*z + 3*m = 80, -3*m - 42 = -z - 4*m. Let x be z - -3*(-4)/6. Suppose -6*c - 27 = -p - 2*c, -2*p = -3*c - x. What is the tens digit of p?
1
Let c = 25 - -57. What is the units digit of c?
2
Let l(a) = 10*a**2 + 3*a. What is the tens digit of l(2)?
4
Let o(v) = -v - 6*v + 0*v**2 - 5 - v**2 + 2. Let k(y) = y**3 + 3*y**2 - 2*y + 3. Let n be k(-4). What is the units digit of o(n)?
7
Let a be 3/(-6)*(0 - -62). What is the tens digit of -3*a/(-6)*-2?
3
Let y = -8 + -10. Let x be 9/y*74*-1. Let t = x - 21. What is the units digit of t?
6
Suppose 2*g = 4*g + 2*a - 12, -5*g + 5*a + 60 = 0. What is the units digit of g?
9
Let h = 29 - 27. Suppose 0 = 5*v - 9 - 86. Suppose h*f + w = 13, 5*f = -3*w + v + 13. What is the units digit of f?
7
Let o(w) be the first derivative of -w**3/3 + 7*w**2/2 - 6*w - 1. Let a be o(4). What is the units digit of (-10)/(-4) - (-3)/a?
3
Suppose -2*d - 3*x = -5*x - 264, 3*x + 260 = 2*d. What is the hundreds digit of d?
1
Let t(d) = 0 - 4*d - 3 + 3*d. What is the units digit of t(-5)?
2
Let g = 299 - 126. What is the tens digit of g?
7
Let i(j) = -9*j**2 + 6*j + 1. Suppose 0 = -0*m + m - 5. Let v(z) = -8*z**2 + 5*z + 1. Let o(r) = m*i(r) - 6*v(r). What is the tens digit of o(-2)?
1
Let h = 18 + 59. What is the tens digit of h?
7
Let o(b) = b**3 + 7*b**2 + 3*b + 3. What is the tens digit of o(-3)?
3
Suppose -20 = 5*x, 0 = -o - 0*o - 4*x - 8. Suppose -q + 3*q = o. What is the units digit of q/14 + (-248)/(-14)?
8
Suppose 4*v - 1 = 5*v. Let d = 5 + v. Suppose -2*h - 20 = -d*x, 5*x - 5*h - 28 = -h. What is the units digit of x?
4
Let i(l) = -l**2 - 23*l + 51. What is the tens digit of i(-22)?
7
What is the units digit of ((-10)/3)/5 + 685/15?
5
Let l(a) = -a**2 + 6*a - 6. Let y be l(5). Let i = y + 5. Suppose 4*u - i = 3*u. What is the units digit of u?
4
What is the hundreds digit of -6 + 660/(2 + 3)?
1
Suppose -6*h + 92 = -376. What is the units digit of h?
8
Let i(x) = 2*x + 7. Let l be (-1)/2*2*-10. What is the tens digit of i(l)?
2
Suppose 810 = 42*u - 37*u. What is the units digit of u?
2
Suppose 4*m + 24 = -4*w, -7 - 1 = -4*m + 4*w. What is the units digit of 0 - m - (-20)/2?
2
What is the units digit of (5 + -3)/(4/6)?
3
Let l(r) = r + 3. Let c be l(4). Suppose -225 = -c*g + 2*g. Suppose 2*j - g = -5. What is the tens digit of j?
2
What is the tens digit of ((-7)/((-42)/12))/(2/89)?
8
Let m(b) = -b - 31. Let n be m(0). Let k = -21 - n. What is the tens digit of k?
1
Let x = -10 + 16. Suppose x*n - 33 = 3*n. What is the tens digit of n?
1
Let r(b) = b**3 + 8*b**2 - 4. Let d be r(-6). Suppose -d = -5*f + f. What is the units digit of f?
7
Let v = 80 + -7. What is the tens digit of v?
7
Let l = 0 + -1. Let h = -11 - l. What is the tens digit of h/3*(-5 + 2)?
1
What is the tens digit of (111/(-9))/((-37)/12 + 3)?
4
L